{"id":500,"date":"2022-05-25T10:26:43","date_gmt":"2022-05-25T08:26:43","guid":{"rendered":"http:\/\/home-by-ideesdeco.fr\/?page_id=500"},"modified":"2022-05-25T10:45:21","modified_gmt":"2022-05-25T08:45:21","slug":"villennes-sur-seine-maison-darchitecte-174-m2-1-180-000-e","status":"publish","type":"page","link":"https:\/\/home-by-ideesdeco.fr\/index.php\/villennes-sur-seine-maison-darchitecte-174-m2-1-180-000-e\/","title":{"rendered":"Villennes-sur-Seine &#8211; Maison d&#8217;architecte &#8211; 174 m2 &#8211; 1 180 000 \u20ac &#8211;"},"content":{"rendered":"\n<figure class=\"wp-block-image size-large\"><img loading=\"lazy\" decoding=\"async\" width=\"1024\" height=\"861\" src=\"http:\/\/home-by-ideesdeco.fr\/wp-content\/uploads\/2022\/05\/facade-1024x861.png\" alt=\"\" class=\"wp-image-501\" srcset=\"https:\/\/home-by-ideesdeco.fr\/wp-content\/uploads\/2022\/05\/facade-1024x861.png 1024w, https:\/\/home-by-ideesdeco.fr\/wp-content\/uploads\/2022\/05\/facade-300x252.png 300w, https:\/\/home-by-ideesdeco.fr\/wp-content\/uploads\/2022\/05\/facade-768x645.png 768w, https:\/\/home-by-ideesdeco.fr\/wp-content\/uploads\/2022\/05\/facade.png 1128w\" sizes=\"auto, (max-width: 1024px) 100vw, 1024px\" \/><\/figure>\n\n\n\n<figure class=\"wp-block-gallery has-nested-images columns-default is-cropped wp-block-gallery-1 is-layout-flex wp-block-gallery-is-layout-flex\">\n<figure class=\"wp-block-image size-large\"><a href=\"http:\/\/home-by-ideesdeco.fr\/wp-content\/uploads\/2022\/05\/IMG_5701-scaled.jpg\"><img loading=\"lazy\" decoding=\"async\" width=\"1024\" height=\"768\" data-id=\"507\" src=\"http:\/\/home-by-ideesdeco.fr\/wp-content\/uploads\/2022\/05\/IMG_5701-1024x768.jpg\" alt=\"\" class=\"wp-image-507\" srcset=\"https:\/\/home-by-ideesdeco.fr\/wp-content\/uploads\/2022\/05\/IMG_5701-1024x768.jpg 1024w, https:\/\/home-by-ideesdeco.fr\/wp-content\/uploads\/2022\/05\/IMG_5701-300x225.jpg 300w, https:\/\/home-by-ideesdeco.fr\/wp-content\/uploads\/2022\/05\/IMG_5701-768x576.jpg 768w, https:\/\/home-by-ideesdeco.fr\/wp-content\/uploads\/2022\/05\/IMG_5701-1536x1152.jpg 1536w, https:\/\/home-by-ideesdeco.fr\/wp-content\/uploads\/2022\/05\/IMG_5701-2048x1536.jpg 2048w, https:\/\/home-by-ideesdeco.fr\/wp-content\/uploads\/2022\/05\/IMG_5701-400x300.jpg 400w, https:\/\/home-by-ideesdeco.fr\/wp-content\/uploads\/2022\/05\/IMG_5701-800x600.jpg 800w\" sizes=\"auto, (max-width: 1024px) 100vw, 1024px\" \/><\/a><\/figure>\n\n\n\n<figure class=\"wp-block-image size-large\"><a href=\"http:\/\/home-by-ideesdeco.fr\/wp-content\/uploads\/2022\/05\/IMG_5715-scaled.jpg\"><img loading=\"lazy\" decoding=\"async\" width=\"1024\" height=\"768\" data-id=\"510\" src=\"http:\/\/home-by-ideesdeco.fr\/wp-content\/uploads\/2022\/05\/IMG_5715-1024x768.jpg\" alt=\"\" class=\"wp-image-510\" srcset=\"https:\/\/home-by-ideesdeco.fr\/wp-content\/uploads\/2022\/05\/IMG_5715-1024x768.jpg 1024w, https:\/\/home-by-ideesdeco.fr\/wp-content\/uploads\/2022\/05\/IMG_5715-300x225.jpg 300w, https:\/\/home-by-ideesdeco.fr\/wp-content\/uploads\/2022\/05\/IMG_5715-768x576.jpg 768w, https:\/\/home-by-ideesdeco.fr\/wp-content\/uploads\/2022\/05\/IMG_5715-1536x1152.jpg 1536w, https:\/\/home-by-ideesdeco.fr\/wp-content\/uploads\/2022\/05\/IMG_5715-2048x1536.jpg 2048w, https:\/\/home-by-ideesdeco.fr\/wp-content\/uploads\/2022\/05\/IMG_5715-400x300.jpg 400w, https:\/\/home-by-ideesdeco.fr\/wp-content\/uploads\/2022\/05\/IMG_5715-800x600.jpg 800w\" sizes=\"auto, (max-width: 1024px) 100vw, 1024px\" \/><\/a><\/figure>\n\n\n\n<figure class=\"wp-block-image size-large\"><a href=\"http:\/\/home-by-ideesdeco.fr\/wp-content\/uploads\/2022\/05\/IMG_5702-scaled.jpg\"><img loading=\"lazy\" decoding=\"async\" width=\"1024\" height=\"768\" data-id=\"504\" src=\"http:\/\/home-by-ideesdeco.fr\/wp-content\/uploads\/2022\/05\/IMG_5702-1024x768.jpg\" alt=\"\" class=\"wp-image-504\" srcset=\"https:\/\/home-by-ideesdeco.fr\/wp-content\/uploads\/2022\/05\/IMG_5702-1024x768.jpg 1024w, https:\/\/home-by-ideesdeco.fr\/wp-content\/uploads\/2022\/05\/IMG_5702-300x225.jpg 300w, https:\/\/home-by-ideesdeco.fr\/wp-content\/uploads\/2022\/05\/IMG_5702-768x576.jpg 768w, https:\/\/home-by-ideesdeco.fr\/wp-content\/uploads\/2022\/05\/IMG_5702-1536x1152.jpg 1536w, https:\/\/home-by-ideesdeco.fr\/wp-content\/uploads\/2022\/05\/IMG_5702-2048x1536.jpg 2048w, https:\/\/home-by-ideesdeco.fr\/wp-content\/uploads\/2022\/05\/IMG_5702-400x300.jpg 400w, https:\/\/home-by-ideesdeco.fr\/wp-content\/uploads\/2022\/05\/IMG_5702-800x600.jpg 800w\" sizes=\"auto, (max-width: 1024px) 100vw, 1024px\" \/><\/a><\/figure>\n\n\n\n<figure class=\"wp-block-image size-large\"><a href=\"http:\/\/home-by-ideesdeco.fr\/wp-content\/uploads\/2022\/05\/IMG_5703-scaled.jpg\"><img loading=\"lazy\" decoding=\"async\" width=\"2560\" height=\"1920\" data-id=\"506\" src=\"http:\/\/home-by-ideesdeco.fr\/wp-content\/uploads\/2022\/05\/IMG_5703-scaled.jpg\" alt=\"\" class=\"wp-image-506\" srcset=\"https:\/\/home-by-ideesdeco.fr\/wp-content\/uploads\/2022\/05\/IMG_5703-scaled.jpg 2560w, https:\/\/home-by-ideesdeco.fr\/wp-content\/uploads\/2022\/05\/IMG_5703-300x225.jpg 300w, https:\/\/home-by-ideesdeco.fr\/wp-content\/uploads\/2022\/05\/IMG_5703-1024x768.jpg 1024w, https:\/\/home-by-ideesdeco.fr\/wp-content\/uploads\/2022\/05\/IMG_5703-768x576.jpg 768w, https:\/\/home-by-ideesdeco.fr\/wp-content\/uploads\/2022\/05\/IMG_5703-1536x1152.jpg 1536w, https:\/\/home-by-ideesdeco.fr\/wp-content\/uploads\/2022\/05\/IMG_5703-2048x1536.jpg 2048w\" sizes=\"auto, (max-width: 2560px) 100vw, 2560px\" \/><\/a><\/figure>\n\n\n\n<figure class=\"wp-block-image size-large\"><a href=\"http:\/\/home-by-ideesdeco.fr\/wp-content\/uploads\/2022\/05\/IMG_5705-scaled.jpg\"><img loading=\"lazy\" decoding=\"async\" width=\"2560\" height=\"1920\" data-id=\"505\" src=\"http:\/\/home-by-ideesdeco.fr\/wp-content\/uploads\/2022\/05\/IMG_5705-scaled.jpg\" alt=\"\" class=\"wp-image-505\" srcset=\"https:\/\/home-by-ideesdeco.fr\/wp-content\/uploads\/2022\/05\/IMG_5705-scaled.jpg 2560w, https:\/\/home-by-ideesdeco.fr\/wp-content\/uploads\/2022\/05\/IMG_5705-300x225.jpg 300w\" sizes=\"auto, (max-width: 2560px) 100vw, 2560px\" \/><\/a><\/figure>\n\n\n\n<figure class=\"wp-block-image size-large\"><a href=\"http:\/\/home-by-ideesdeco.fr\/wp-content\/uploads\/2022\/05\/IMG_5713-scaled.jpg\"><img loading=\"lazy\" decoding=\"async\" width=\"2560\" height=\"1920\" data-id=\"512\" src=\"http:\/\/home-by-ideesdeco.fr\/wp-content\/uploads\/2022\/05\/IMG_5713-scaled.jpg\" alt=\"\" class=\"wp-image-512\" srcset=\"https:\/\/home-by-ideesdeco.fr\/wp-content\/uploads\/2022\/05\/IMG_5713-scaled.jpg 2560w, https:\/\/home-by-ideesdeco.fr\/wp-content\/uploads\/2022\/05\/IMG_5713-300x225.jpg 300w, https:\/\/home-by-ideesdeco.fr\/wp-content\/uploads\/2022\/05\/IMG_5713-1024x768.jpg 1024w, https:\/\/home-by-ideesdeco.fr\/wp-content\/uploads\/2022\/05\/IMG_5713-768x576.jpg 768w, https:\/\/home-by-ideesdeco.fr\/wp-content\/uploads\/2022\/05\/IMG_5713-1536x1152.jpg 1536w, https:\/\/home-by-ideesdeco.fr\/wp-content\/uploads\/2022\/05\/IMG_5713-2048x1536.jpg 2048w, https:\/\/home-by-ideesdeco.fr\/wp-content\/uploads\/2022\/05\/IMG_5713-400x300.jpg 400w, https:\/\/home-by-ideesdeco.fr\/wp-content\/uploads\/2022\/05\/IMG_5713-800x600.jpg 800w\" sizes=\"auto, (max-width: 2560px) 100vw, 2560px\" \/><\/a><\/figure>\n\n\n\n<figure class=\"wp-block-image size-large\"><a href=\"http:\/\/home-by-ideesdeco.fr\/wp-content\/uploads\/2022\/05\/IMG_5711-scaled.jpg\"><img loading=\"lazy\" decoding=\"async\" width=\"1024\" height=\"768\" data-id=\"508\" src=\"http:\/\/home-by-ideesdeco.fr\/wp-content\/uploads\/2022\/05\/IMG_5711-1024x768.jpg\" alt=\"\" class=\"wp-image-508\" srcset=\"https:\/\/home-by-ideesdeco.fr\/wp-content\/uploads\/2022\/05\/IMG_5711-1024x768.jpg 1024w, https:\/\/home-by-ideesdeco.fr\/wp-content\/uploads\/2022\/05\/IMG_5711-300x225.jpg 300w, https:\/\/home-by-ideesdeco.fr\/wp-content\/uploads\/2022\/05\/IMG_5711-768x576.jpg 768w, https:\/\/home-by-ideesdeco.fr\/wp-content\/uploads\/2022\/05\/IMG_5711-1536x1152.jpg 1536w, https:\/\/home-by-ideesdeco.fr\/wp-content\/uploads\/2022\/05\/IMG_5711-2048x1536.jpg 2048w, https:\/\/home-by-ideesdeco.fr\/wp-content\/uploads\/2022\/05\/IMG_5711-400x300.jpg 400w, https:\/\/home-by-ideesdeco.fr\/wp-content\/uploads\/2022\/05\/IMG_5711-800x600.jpg 800w\" sizes=\"auto, (max-width: 1024px) 100vw, 1024px\" \/><\/a><\/figure>\n\n\n\n<figure class=\"wp-block-image size-large\"><a href=\"http:\/\/home-by-ideesdeco.fr\/wp-content\/uploads\/2022\/05\/IMG_5714-scaled.jpg\"><img loading=\"lazy\" decoding=\"async\" width=\"2560\" height=\"1920\" data-id=\"509\" src=\"http:\/\/home-by-ideesdeco.fr\/wp-content\/uploads\/2022\/05\/IMG_5714-scaled.jpg\" alt=\"\" class=\"wp-image-509\" srcset=\"https:\/\/home-by-ideesdeco.fr\/wp-content\/uploads\/2022\/05\/IMG_5714-scaled.jpg 2560w, https:\/\/home-by-ideesdeco.fr\/wp-content\/uploads\/2022\/05\/IMG_5714-300x225.jpg 300w, https:\/\/home-by-ideesdeco.fr\/wp-content\/uploads\/2022\/05\/IMG_5714-1024x768.jpg 1024w, https:\/\/home-by-ideesdeco.fr\/wp-content\/uploads\/2022\/05\/IMG_5714-768x576.jpg 768w, https:\/\/home-by-ideesdeco.fr\/wp-content\/uploads\/2022\/05\/IMG_5714-1536x1152.jpg 1536w, https:\/\/home-by-ideesdeco.fr\/wp-content\/uploads\/2022\/05\/IMG_5714-2048x1536.jpg 2048w, https:\/\/home-by-ideesdeco.fr\/wp-content\/uploads\/2022\/05\/IMG_5714-400x300.jpg 400w, https:\/\/home-by-ideesdeco.fr\/wp-content\/uploads\/2022\/05\/IMG_5714-800x600.jpg 800w\" sizes=\"auto, (max-width: 2560px) 100vw, 2560px\" \/><\/a><\/figure>\n\n\n\n<figure class=\"wp-block-image size-large\"><a href=\"http:\/\/home-by-ideesdeco.fr\/wp-content\/uploads\/2022\/05\/IMG_5710-scaled.jpg\"><img loading=\"lazy\" decoding=\"async\" width=\"2560\" height=\"1920\" data-id=\"502\" src=\"http:\/\/home-by-ideesdeco.fr\/wp-content\/uploads\/2022\/05\/IMG_5710-scaled.jpg\" alt=\"\" class=\"wp-image-502\" srcset=\"https:\/\/home-by-ideesdeco.fr\/wp-content\/uploads\/2022\/05\/IMG_5710-scaled.jpg 2560w, https:\/\/home-by-ideesdeco.fr\/wp-content\/uploads\/2022\/05\/IMG_5710-300x225.jpg 300w\" sizes=\"auto, (max-width: 2560px) 100vw, 2560px\" \/><\/a><\/figure>\n<\/figure>\n\n\n\n<p>Villennes sur Seine &#8211; Edifi\u00e9e sur un magnifique terrain paysager de 2500 m2, tr\u00e8s belle maison d&#8217;architecte de 174 m2. Un havre de paix ! Sans aucun vis \u00e0 vis, au calme, 6 pi\u00e8ces composent cette maison, 4 chambres dont une suite parentale avec sa salle de bain. 2 salles d&#8217;eau suppl\u00e9mentaires. Moderne, spacieuse et lumineuse, elle est \u00e9quip\u00e9e d&#8217;\u00e9l\u00e9ments haut de gamme.<\/p>\n\n\n\n<p>Le terrain est piscinable. Garage.<\/p>\n\n\n\n<p>Acc\u00e8s rapide A13\/A14 &#8211; Transport en commun desservant \u00e9coles et gare SNCF 25mn de St Lazare (futur RER EOLE).<\/p>\n\n\n\n<p>1 180 000 \u20ac FAI &#8211; Contact : Philippe Janeau &#8211; 06 10 69 31 03 &#8211; <a href=\"mailto:philippe@home-by-ideesdeco.fr\">philippe@home-by-ideesdeco.fr<\/a><\/p>\n","protected":false},"excerpt":{"rendered":"<p>Villennes sur Seine &#8211; Edifi\u00e9e sur un magnifique terrain paysager de 2500 m2, tr\u00e8s belle maison d&#8217;architecte de 174 m2. Un havre de paix ! Sans aucun vis \u00e0 vis, [&hellip;]<\/p>\n","protected":false},"author":1,"featured_media":0,"parent":0,"menu_order":0,"comment_status":"closed","ping_status":"closed","template":"","meta":{"footnotes":""},"class_list":["post-500","page","type-page","status-publish","hentry"],"_links":{"self":[{"href":"https:\/\/home-by-ideesdeco.fr\/index.php\/wp-json\/wp\/v2\/pages\/500","targetHints":{"allow":["GET"]}}],"collection":[{"href":"https:\/\/home-by-ideesdeco.fr\/index.php\/wp-json\/wp\/v2\/pages"}],"about":[{"href":"https:\/\/home-by-ideesdeco.fr\/index.php\/wp-json\/wp\/v2\/types\/page"}],"author":[{"embeddable":true,"href":"https:\/\/home-by-ideesdeco.fr\/index.php\/wp-json\/wp\/v2\/users\/1"}],"replies":[{"embeddable":true,"href":"https:\/\/home-by-ideesdeco.fr\/index.php\/wp-json\/wp\/v2\/comments?post=500"}],"version-history":[{"count":4,"href":"https:\/\/home-by-ideesdeco.fr\/index.php\/wp-json\/wp\/v2\/pages\/500\/revisions"}],"predecessor-version":[{"id":521,"href":"https:\/\/home-by-ideesdeco.fr\/index.php\/wp-json\/wp\/v2\/pages\/500\/revisions\/521"}],"wp:attachment":[{"href":"https:\/\/home-by-ideesdeco.fr\/index.php\/wp-json\/wp\/v2\/media?parent=500"}],"curies":[{"name":"wp","href":"https:\/\/api.w.org\/{rel}","templated":true}]}}