{"id":2789,"date":"2025-03-15T11:32:18","date_gmt":"2025-03-15T10:32:18","guid":{"rendered":"https:\/\/home-by-ideesdeco.fr\/?page_id=2789"},"modified":"2025-03-15T11:32:18","modified_gmt":"2025-03-15T10:32:18","slug":"vernouillet-marsinval-143-m2-4-ch-fbcb","status":"publish","type":"page","link":"https:\/\/home-by-ideesdeco.fr\/index.php\/vernouillet-marsinval-143-m2-4-ch-fbcb\/","title":{"rendered":"Vernouillet &#8211; Marsinval &#8211; 143 m2 &#8211; 4 ch &#8211; FBCB"},"content":{"rendered":"\n<figure class=\"wp-block-image size-full\"><img loading=\"lazy\" decoding=\"async\" width=\"1024\" height=\"768\" src=\"https:\/\/home-by-ideesdeco.fr\/wp-content\/uploads\/2025\/03\/1-facade1.jpg\" alt=\"\" class=\"wp-image-2791\" srcset=\"https:\/\/home-by-ideesdeco.fr\/wp-content\/uploads\/2025\/03\/1-facade1.jpg 1024w, https:\/\/home-by-ideesdeco.fr\/wp-content\/uploads\/2025\/03\/1-facade1-300x225.jpg 300w, https:\/\/home-by-ideesdeco.fr\/wp-content\/uploads\/2025\/03\/1-facade1-768x576.jpg 768w, https:\/\/home-by-ideesdeco.fr\/wp-content\/uploads\/2025\/03\/1-facade1-400x300.jpg 400w, https:\/\/home-by-ideesdeco.fr\/wp-content\/uploads\/2025\/03\/1-facade1-800x600.jpg 800w\" sizes=\"auto, (max-width: 1024px) 100vw, 1024px\" \/><\/figure>\n\n\n\n<figure class=\"wp-block-image size-full\"><img loading=\"lazy\" decoding=\"async\" width=\"1024\" height=\"768\" src=\"https:\/\/home-by-ideesdeco.fr\/wp-content\/uploads\/2025\/03\/2-salon5.jpg\" alt=\"\" class=\"wp-image-2792\" srcset=\"https:\/\/home-by-ideesdeco.fr\/wp-content\/uploads\/2025\/03\/2-salon5.jpg 1024w, https:\/\/home-by-ideesdeco.fr\/wp-content\/uploads\/2025\/03\/2-salon5-300x225.jpg 300w, https:\/\/home-by-ideesdeco.fr\/wp-content\/uploads\/2025\/03\/2-salon5-768x576.jpg 768w, https:\/\/home-by-ideesdeco.fr\/wp-content\/uploads\/2025\/03\/2-salon5-400x300.jpg 400w, https:\/\/home-by-ideesdeco.fr\/wp-content\/uploads\/2025\/03\/2-salon5-800x600.jpg 800w\" sizes=\"auto, (max-width: 1024px) 100vw, 1024px\" \/><\/figure>\n\n\n\n<figure class=\"wp-block-image size-full\"><img loading=\"lazy\" decoding=\"async\" width=\"1024\" height=\"768\" src=\"https:\/\/home-by-ideesdeco.fr\/wp-content\/uploads\/2025\/03\/4-salon.jpg\" alt=\"\" class=\"wp-image-2793\" srcset=\"https:\/\/home-by-ideesdeco.fr\/wp-content\/uploads\/2025\/03\/4-salon.jpg 1024w, https:\/\/home-by-ideesdeco.fr\/wp-content\/uploads\/2025\/03\/4-salon-300x225.jpg 300w, https:\/\/home-by-ideesdeco.fr\/wp-content\/uploads\/2025\/03\/4-salon-768x576.jpg 768w, https:\/\/home-by-ideesdeco.fr\/wp-content\/uploads\/2025\/03\/4-salon-400x300.jpg 400w, https:\/\/home-by-ideesdeco.fr\/wp-content\/uploads\/2025\/03\/4-salon-800x600.jpg 800w\" sizes=\"auto, (max-width: 1024px) 100vw, 1024px\" \/><\/figure>\n\n\n\n<figure class=\"wp-block-image size-full\"><img loading=\"lazy\" decoding=\"async\" width=\"1024\" height=\"768\" src=\"https:\/\/home-by-ideesdeco.fr\/wp-content\/uploads\/2025\/03\/6a-salon12.jpg\" alt=\"\" class=\"wp-image-2802\" srcset=\"https:\/\/home-by-ideesdeco.fr\/wp-content\/uploads\/2025\/03\/6a-salon12.jpg 1024w, https:\/\/home-by-ideesdeco.fr\/wp-content\/uploads\/2025\/03\/6a-salon12-300x225.jpg 300w, https:\/\/home-by-ideesdeco.fr\/wp-content\/uploads\/2025\/03\/6a-salon12-768x576.jpg 768w, https:\/\/home-by-ideesdeco.fr\/wp-content\/uploads\/2025\/03\/6a-salon12-400x300.jpg 400w, https:\/\/home-by-ideesdeco.fr\/wp-content\/uploads\/2025\/03\/6a-salon12-800x600.jpg 800w\" sizes=\"auto, (max-width: 1024px) 100vw, 1024px\" \/><\/figure>\n\n\n\n<figure class=\"wp-block-image size-full\"><img loading=\"lazy\" decoding=\"async\" width=\"1024\" height=\"768\" src=\"https:\/\/home-by-ideesdeco.fr\/wp-content\/uploads\/2025\/03\/6-salon8.jpg\" alt=\"\" class=\"wp-image-2803\" srcset=\"https:\/\/home-by-ideesdeco.fr\/wp-content\/uploads\/2025\/03\/6-salon8.jpg 1024w, https:\/\/home-by-ideesdeco.fr\/wp-content\/uploads\/2025\/03\/6-salon8-300x225.jpg 300w, https:\/\/home-by-ideesdeco.fr\/wp-content\/uploads\/2025\/03\/6-salon8-768x576.jpg 768w, https:\/\/home-by-ideesdeco.fr\/wp-content\/uploads\/2025\/03\/6-salon8-400x300.jpg 400w, https:\/\/home-by-ideesdeco.fr\/wp-content\/uploads\/2025\/03\/6-salon8-800x600.jpg 800w\" sizes=\"auto, (max-width: 1024px) 100vw, 1024px\" \/><\/figure>\n\n\n\n<figure class=\"wp-block-image size-full\"><img loading=\"lazy\" decoding=\"async\" width=\"1024\" height=\"768\" src=\"https:\/\/home-by-ideesdeco.fr\/wp-content\/uploads\/2025\/03\/8-salon7.jpg\" alt=\"\" class=\"wp-image-2804\" srcset=\"https:\/\/home-by-ideesdeco.fr\/wp-content\/uploads\/2025\/03\/8-salon7.jpg 1024w, https:\/\/home-by-ideesdeco.fr\/wp-content\/uploads\/2025\/03\/8-salon7-300x225.jpg 300w, https:\/\/home-by-ideesdeco.fr\/wp-content\/uploads\/2025\/03\/8-salon7-768x576.jpg 768w, https:\/\/home-by-ideesdeco.fr\/wp-content\/uploads\/2025\/03\/8-salon7-400x300.jpg 400w, https:\/\/home-by-ideesdeco.fr\/wp-content\/uploads\/2025\/03\/8-salon7-800x600.jpg 800w\" sizes=\"auto, (max-width: 1024px) 100vw, 1024px\" \/><\/figure>\n\n\n\n<figure class=\"wp-block-image size-full\"><img loading=\"lazy\" decoding=\"async\" width=\"1024\" height=\"768\" src=\"https:\/\/home-by-ideesdeco.fr\/wp-content\/uploads\/2025\/03\/9a-cuisine.jpg\" alt=\"\" class=\"wp-image-2805\" srcset=\"https:\/\/home-by-ideesdeco.fr\/wp-content\/uploads\/2025\/03\/9a-cuisine.jpg 1024w, https:\/\/home-by-ideesdeco.fr\/wp-content\/uploads\/2025\/03\/9a-cuisine-300x225.jpg 300w, https:\/\/home-by-ideesdeco.fr\/wp-content\/uploads\/2025\/03\/9a-cuisine-768x576.jpg 768w, https:\/\/home-by-ideesdeco.fr\/wp-content\/uploads\/2025\/03\/9a-cuisine-400x300.jpg 400w, https:\/\/home-by-ideesdeco.fr\/wp-content\/uploads\/2025\/03\/9a-cuisine-800x600.jpg 800w\" sizes=\"auto, (max-width: 1024px) 100vw, 1024px\" \/><\/figure>\n\n\n\n<figure class=\"wp-block-image size-full\"><img loading=\"lazy\" decoding=\"async\" width=\"1024\" height=\"768\" src=\"https:\/\/home-by-ideesdeco.fr\/wp-content\/uploads\/2025\/03\/9-Suite.jpg\" alt=\"\" class=\"wp-image-2806\" srcset=\"https:\/\/home-by-ideesdeco.fr\/wp-content\/uploads\/2025\/03\/9-Suite.jpg 1024w, https:\/\/home-by-ideesdeco.fr\/wp-content\/uploads\/2025\/03\/9-Suite-300x225.jpg 300w, https:\/\/home-by-ideesdeco.fr\/wp-content\/uploads\/2025\/03\/9-Suite-768x576.jpg 768w, https:\/\/home-by-ideesdeco.fr\/wp-content\/uploads\/2025\/03\/9-Suite-400x300.jpg 400w, https:\/\/home-by-ideesdeco.fr\/wp-content\/uploads\/2025\/03\/9-Suite-800x600.jpg 800w\" sizes=\"auto, (max-width: 1024px) 100vw, 1024px\" \/><\/figure>\n\n\n\n<figure class=\"wp-block-image size-full\"><img loading=\"lazy\" decoding=\"async\" width=\"1024\" height=\"768\" src=\"https:\/\/home-by-ideesdeco.fr\/wp-content\/uploads\/2025\/03\/11-sdb-suite.png\" alt=\"\" class=\"wp-image-2807\" srcset=\"https:\/\/home-by-ideesdeco.fr\/wp-content\/uploads\/2025\/03\/11-sdb-suite.png 1024w, https:\/\/home-by-ideesdeco.fr\/wp-content\/uploads\/2025\/03\/11-sdb-suite-300x225.png 300w, https:\/\/home-by-ideesdeco.fr\/wp-content\/uploads\/2025\/03\/11-sdb-suite-768x576.png 768w, https:\/\/home-by-ideesdeco.fr\/wp-content\/uploads\/2025\/03\/11-sdb-suite-400x300.png 400w, https:\/\/home-by-ideesdeco.fr\/wp-content\/uploads\/2025\/03\/11-sdb-suite-800x600.png 800w\" sizes=\"auto, (max-width: 1024px) 100vw, 1024px\" \/><\/figure>\n\n\n\n<figure class=\"wp-block-image size-full\"><img loading=\"lazy\" decoding=\"async\" width=\"1024\" height=\"768\" src=\"https:\/\/home-by-ideesdeco.fr\/wp-content\/uploads\/2025\/03\/12-chambre1.jpg\" alt=\"\" class=\"wp-image-2808\" srcset=\"https:\/\/home-by-ideesdeco.fr\/wp-content\/uploads\/2025\/03\/12-chambre1.jpg 1024w, https:\/\/home-by-ideesdeco.fr\/wp-content\/uploads\/2025\/03\/12-chambre1-300x225.jpg 300w, https:\/\/home-by-ideesdeco.fr\/wp-content\/uploads\/2025\/03\/12-chambre1-768x576.jpg 768w, https:\/\/home-by-ideesdeco.fr\/wp-content\/uploads\/2025\/03\/12-chambre1-400x300.jpg 400w, https:\/\/home-by-ideesdeco.fr\/wp-content\/uploads\/2025\/03\/12-chambre1-800x600.jpg 800w\" sizes=\"auto, (max-width: 1024px) 100vw, 1024px\" \/><\/figure>\n\n\n\n<figure class=\"wp-block-image size-full\"><img loading=\"lazy\" decoding=\"async\" width=\"1024\" height=\"768\" src=\"https:\/\/home-by-ideesdeco.fr\/wp-content\/uploads\/2025\/03\/13-ch-mam.jpg\" alt=\"\" class=\"wp-image-2809\" srcset=\"https:\/\/home-by-ideesdeco.fr\/wp-content\/uploads\/2025\/03\/13-ch-mam.jpg 1024w, https:\/\/home-by-ideesdeco.fr\/wp-content\/uploads\/2025\/03\/13-ch-mam-300x225.jpg 300w, https:\/\/home-by-ideesdeco.fr\/wp-content\/uploads\/2025\/03\/13-ch-mam-768x576.jpg 768w, https:\/\/home-by-ideesdeco.fr\/wp-content\/uploads\/2025\/03\/13-ch-mam-400x300.jpg 400w, https:\/\/home-by-ideesdeco.fr\/wp-content\/uploads\/2025\/03\/13-ch-mam-800x600.jpg 800w\" sizes=\"auto, (max-width: 1024px) 100vw, 1024px\" \/><\/figure>\n\n\n\n<figure class=\"wp-block-image size-full\"><img loading=\"lazy\" decoding=\"async\" width=\"1024\" height=\"768\" src=\"https:\/\/home-by-ideesdeco.fr\/wp-content\/uploads\/2025\/03\/14-chambre2.jpg\" alt=\"\" class=\"wp-image-2810\" srcset=\"https:\/\/home-by-ideesdeco.fr\/wp-content\/uploads\/2025\/03\/14-chambre2.jpg 1024w, https:\/\/home-by-ideesdeco.fr\/wp-content\/uploads\/2025\/03\/14-chambre2-300x225.jpg 300w, https:\/\/home-by-ideesdeco.fr\/wp-content\/uploads\/2025\/03\/14-chambre2-768x576.jpg 768w, https:\/\/home-by-ideesdeco.fr\/wp-content\/uploads\/2025\/03\/14-chambre2-400x300.jpg 400w, https:\/\/home-by-ideesdeco.fr\/wp-content\/uploads\/2025\/03\/14-chambre2-800x600.jpg 800w\" sizes=\"auto, (max-width: 1024px) 100vw, 1024px\" \/><\/figure>\n\n\n\n<figure class=\"wp-block-image size-full\"><img loading=\"lazy\" decoding=\"async\" width=\"1024\" height=\"768\" src=\"https:\/\/home-by-ideesdeco.fr\/wp-content\/uploads\/2025\/03\/15a-sdb-enfants.jpg\" alt=\"\" class=\"wp-image-2811\" srcset=\"https:\/\/home-by-ideesdeco.fr\/wp-content\/uploads\/2025\/03\/15a-sdb-enfants.jpg 1024w, https:\/\/home-by-ideesdeco.fr\/wp-content\/uploads\/2025\/03\/15a-sdb-enfants-300x225.jpg 300w, https:\/\/home-by-ideesdeco.fr\/wp-content\/uploads\/2025\/03\/15a-sdb-enfants-768x576.jpg 768w, https:\/\/home-by-ideesdeco.fr\/wp-content\/uploads\/2025\/03\/15a-sdb-enfants-400x300.jpg 400w, https:\/\/home-by-ideesdeco.fr\/wp-content\/uploads\/2025\/03\/15a-sdb-enfants-800x600.jpg 800w\" sizes=\"auto, (max-width: 1024px) 100vw, 1024px\" \/><\/figure>\n\n\n\n<figure class=\"wp-block-image size-full\"><img loading=\"lazy\" decoding=\"async\" width=\"1024\" height=\"768\" src=\"https:\/\/home-by-ideesdeco.fr\/wp-content\/uploads\/2025\/03\/15-arriere.jpg\" alt=\"\" class=\"wp-image-2812\" srcset=\"https:\/\/home-by-ideesdeco.fr\/wp-content\/uploads\/2025\/03\/15-arriere.jpg 1024w, https:\/\/home-by-ideesdeco.fr\/wp-content\/uploads\/2025\/03\/15-arriere-300x225.jpg 300w, https:\/\/home-by-ideesdeco.fr\/wp-content\/uploads\/2025\/03\/15-arriere-768x576.jpg 768w, https:\/\/home-by-ideesdeco.fr\/wp-content\/uploads\/2025\/03\/15-arriere-400x300.jpg 400w, https:\/\/home-by-ideesdeco.fr\/wp-content\/uploads\/2025\/03\/15-arriere-800x600.jpg 800w\" sizes=\"auto, (max-width: 1024px) 100vw, 1024px\" \/><\/figure>\n\n\n\n<p>Exclusivit\u00e9, dans le tr\u00e8s pris\u00e9 Domaine de Marsinval, avec piscine, 2 terrains de tennis, club house, \u00e9coles maternelle et primaire, aire de jeux.<br>Au calme dans une impasse, maison de 6 pi\u00e8ces de 143 m2 environ sur un terrain de 880 m2. 4 chambres dont une suite parentale avec sa propre salle de bain et wc. 1 autre salle de bain et wc ind\u00e9pendants. Combles am\u00e9nageables.<br>Garage de 25m2 accessible de l&#8217;int\u00e9rieur de la maison. Buanderie, chaufferie avec chaudi\u00e8re au gaz.<\/p>\n\n\n\n<p>Le domaine arbor\u00e9 et vallonn\u00e9 est proche des villes de Verneuil, Villennes, Orgeval et de l&#8217;A13\/A14. Les transports en commun desservent la gare de Verneuil\/vernouillet (25mn de Paris St Lazare) o\u00f9 sera le futur arr\u00eat du RER Eole en 2027, ainsi que les \u00e9coles et lyc\u00e9es de Verneuil (notamment Notre Dame les Oiseaux), Poissy, Saint Germain en Laye. Charges annuelles du domaine de 640 \u20ac.<\/p>\n","protected":false},"excerpt":{"rendered":"<p>Exclusivit\u00e9, dans le tr\u00e8s pris\u00e9 Domaine de Marsinval, avec piscine, 2 terrains de tennis, club house, \u00e9coles maternelle et primaire, aire de jeux.Au calme dans une impasse, maison de 6 [&hellip;]<\/p>\n","protected":false},"author":1,"featured_media":0,"parent":0,"menu_order":0,"comment_status":"closed","ping_status":"closed","template":"","meta":{"footnotes":""},"class_list":["post-2789","page","type-page","status-publish","hentry"],"_links":{"self":[{"href":"https:\/\/home-by-ideesdeco.fr\/index.php\/wp-json\/wp\/v2\/pages\/2789","targetHints":{"allow":["GET"]}}],"collection":[{"href":"https:\/\/home-by-ideesdeco.fr\/index.php\/wp-json\/wp\/v2\/pages"}],"about":[{"href":"https:\/\/home-by-ideesdeco.fr\/index.php\/wp-json\/wp\/v2\/types\/page"}],"author":[{"embeddable":true,"href":"https:\/\/home-by-ideesdeco.fr\/index.php\/wp-json\/wp\/v2\/users\/1"}],"replies":[{"embeddable":true,"href":"https:\/\/home-by-ideesdeco.fr\/index.php\/wp-json\/wp\/v2\/comments?post=2789"}],"version-history":[{"count":1,"href":"https:\/\/home-by-ideesdeco.fr\/index.php\/wp-json\/wp\/v2\/pages\/2789\/revisions"}],"predecessor-version":[{"id":2813,"href":"https:\/\/home-by-ideesdeco.fr\/index.php\/wp-json\/wp\/v2\/pages\/2789\/revisions\/2813"}],"wp:attachment":[{"href":"https:\/\/home-by-ideesdeco.fr\/index.php\/wp-json\/wp\/v2\/media?parent=2789"}],"curies":[{"name":"wp","href":"https:\/\/api.w.org\/{rel}","templated":true}]}}