{"id":1993,"date":"2024-06-01T16:23:55","date_gmt":"2024-06-01T14:23:55","guid":{"rendered":"https:\/\/home-by-ideesdeco.fr\/?page_id=1993"},"modified":"2025-01-09T16:28:13","modified_gmt":"2025-01-09T15:28:13","slug":"nouveau-maison-vernouillet","status":"publish","type":"page","link":"https:\/\/home-by-ideesdeco.fr\/index.php\/nouveau-maison-vernouillet\/","title":{"rendered":"Nouveau &#8211; Maison &#8211; Vernouillet"},"content":{"rendered":"\n<figure class=\"wp-block-image size-large\"><img loading=\"lazy\" decoding=\"async\" width=\"1024\" height=\"725\" src=\"https:\/\/home-by-ideesdeco.fr\/wp-content\/uploads\/2024\/06\/1-montage-3-photos-salon-1024x725.jpg\" alt=\"\" class=\"wp-image-1994\" srcset=\"https:\/\/home-by-ideesdeco.fr\/wp-content\/uploads\/2024\/06\/1-montage-3-photos-salon-1024x725.jpg 1024w, https:\/\/home-by-ideesdeco.fr\/wp-content\/uploads\/2024\/06\/1-montage-3-photos-salon-300x212.jpg 300w, https:\/\/home-by-ideesdeco.fr\/wp-content\/uploads\/2024\/06\/1-montage-3-photos-salon-768x544.jpg 768w, https:\/\/home-by-ideesdeco.fr\/wp-content\/uploads\/2024\/06\/1-montage-3-photos-salon.jpg 1093w\" sizes=\"auto, (max-width: 1024px) 100vw, 1024px\" \/><\/figure>\n\n\n\n<figure class=\"wp-block-image size-full\"><img loading=\"lazy\" decoding=\"async\" width=\"1024\" height=\"768\" src=\"https:\/\/home-by-ideesdeco.fr\/wp-content\/uploads\/2024\/06\/2-salon1.jpg\" alt=\"\" class=\"wp-image-1995\" srcset=\"https:\/\/home-by-ideesdeco.fr\/wp-content\/uploads\/2024\/06\/2-salon1.jpg 1024w, https:\/\/home-by-ideesdeco.fr\/wp-content\/uploads\/2024\/06\/2-salon1-300x225.jpg 300w, https:\/\/home-by-ideesdeco.fr\/wp-content\/uploads\/2024\/06\/2-salon1-768x576.jpg 768w, https:\/\/home-by-ideesdeco.fr\/wp-content\/uploads\/2024\/06\/2-salon1-400x300.jpg 400w, https:\/\/home-by-ideesdeco.fr\/wp-content\/uploads\/2024\/06\/2-salon1-800x600.jpg 800w\" sizes=\"auto, (max-width: 1024px) 100vw, 1024px\" \/><\/figure>\n\n\n\n<figure class=\"wp-block-image size-full\"><img loading=\"lazy\" decoding=\"async\" width=\"1024\" height=\"768\" src=\"https:\/\/home-by-ideesdeco.fr\/wp-content\/uploads\/2024\/06\/3-salon2.jpg\" alt=\"\" class=\"wp-image-1996\" srcset=\"https:\/\/home-by-ideesdeco.fr\/wp-content\/uploads\/2024\/06\/3-salon2.jpg 1024w, https:\/\/home-by-ideesdeco.fr\/wp-content\/uploads\/2024\/06\/3-salon2-300x225.jpg 300w, https:\/\/home-by-ideesdeco.fr\/wp-content\/uploads\/2024\/06\/3-salon2-768x576.jpg 768w, https:\/\/home-by-ideesdeco.fr\/wp-content\/uploads\/2024\/06\/3-salon2-400x300.jpg 400w, https:\/\/home-by-ideesdeco.fr\/wp-content\/uploads\/2024\/06\/3-salon2-800x600.jpg 800w\" sizes=\"auto, (max-width: 1024px) 100vw, 1024px\" \/><\/figure>\n\n\n\n<figure class=\"wp-block-image size-full\"><img loading=\"lazy\" decoding=\"async\" width=\"1024\" height=\"768\" src=\"https:\/\/home-by-ideesdeco.fr\/wp-content\/uploads\/2024\/06\/4-salon3.jpg\" alt=\"\" class=\"wp-image-1997\" srcset=\"https:\/\/home-by-ideesdeco.fr\/wp-content\/uploads\/2024\/06\/4-salon3.jpg 1024w, https:\/\/home-by-ideesdeco.fr\/wp-content\/uploads\/2024\/06\/4-salon3-300x225.jpg 300w, https:\/\/home-by-ideesdeco.fr\/wp-content\/uploads\/2024\/06\/4-salon3-768x576.jpg 768w, https:\/\/home-by-ideesdeco.fr\/wp-content\/uploads\/2024\/06\/4-salon3-400x300.jpg 400w, https:\/\/home-by-ideesdeco.fr\/wp-content\/uploads\/2024\/06\/4-salon3-800x600.jpg 800w\" sizes=\"auto, (max-width: 1024px) 100vw, 1024px\" \/><\/figure>\n\n\n\n<figure class=\"wp-block-image size-full\"><img loading=\"lazy\" decoding=\"async\" width=\"1024\" height=\"768\" src=\"https:\/\/home-by-ideesdeco.fr\/wp-content\/uploads\/2024\/06\/5-salon4.jpg\" alt=\"\" class=\"wp-image-1998\" srcset=\"https:\/\/home-by-ideesdeco.fr\/wp-content\/uploads\/2024\/06\/5-salon4.jpg 1024w, https:\/\/home-by-ideesdeco.fr\/wp-content\/uploads\/2024\/06\/5-salon4-300x225.jpg 300w, https:\/\/home-by-ideesdeco.fr\/wp-content\/uploads\/2024\/06\/5-salon4-768x576.jpg 768w, https:\/\/home-by-ideesdeco.fr\/wp-content\/uploads\/2024\/06\/5-salon4-400x300.jpg 400w, https:\/\/home-by-ideesdeco.fr\/wp-content\/uploads\/2024\/06\/5-salon4-800x600.jpg 800w\" sizes=\"auto, (max-width: 1024px) 100vw, 1024px\" \/><\/figure>\n\n\n\n<figure class=\"wp-block-image size-large\"><img loading=\"lazy\" decoding=\"async\" width=\"1024\" height=\"725\" src=\"https:\/\/home-by-ideesdeco.fr\/wp-content\/uploads\/2024\/06\/6-montage-3-photos-bureau-1024x725.jpg\" alt=\"\" class=\"wp-image-1999\" srcset=\"https:\/\/home-by-ideesdeco.fr\/wp-content\/uploads\/2024\/06\/6-montage-3-photos-bureau-1024x725.jpg 1024w, https:\/\/home-by-ideesdeco.fr\/wp-content\/uploads\/2024\/06\/6-montage-3-photos-bureau-300x212.jpg 300w, https:\/\/home-by-ideesdeco.fr\/wp-content\/uploads\/2024\/06\/6-montage-3-photos-bureau-768x544.jpg 768w, https:\/\/home-by-ideesdeco.fr\/wp-content\/uploads\/2024\/06\/6-montage-3-photos-bureau.jpg 1093w\" sizes=\"auto, (max-width: 1024px) 100vw, 1024px\" \/><\/figure>\n\n\n\n<figure class=\"wp-block-image size-full\"><img loading=\"lazy\" decoding=\"async\" width=\"1024\" height=\"768\" src=\"https:\/\/home-by-ideesdeco.fr\/wp-content\/uploads\/2024\/06\/7-cuisine1.jpg\" alt=\"\" class=\"wp-image-2000\" srcset=\"https:\/\/home-by-ideesdeco.fr\/wp-content\/uploads\/2024\/06\/7-cuisine1.jpg 1024w, https:\/\/home-by-ideesdeco.fr\/wp-content\/uploads\/2024\/06\/7-cuisine1-300x225.jpg 300w, https:\/\/home-by-ideesdeco.fr\/wp-content\/uploads\/2024\/06\/7-cuisine1-768x576.jpg 768w, https:\/\/home-by-ideesdeco.fr\/wp-content\/uploads\/2024\/06\/7-cuisine1-400x300.jpg 400w, https:\/\/home-by-ideesdeco.fr\/wp-content\/uploads\/2024\/06\/7-cuisine1-800x600.jpg 800w\" sizes=\"auto, (max-width: 1024px) 100vw, 1024px\" \/><\/figure>\n\n\n\n<figure class=\"wp-block-image size-large\"><img loading=\"lazy\" decoding=\"async\" width=\"1024\" height=\"725\" src=\"https:\/\/home-by-ideesdeco.fr\/wp-content\/uploads\/2024\/06\/8-montage-3-photos-chambres-1024x725.jpg\" alt=\"\" class=\"wp-image-2001\" srcset=\"https:\/\/home-by-ideesdeco.fr\/wp-content\/uploads\/2024\/06\/8-montage-3-photos-chambres-1024x725.jpg 1024w, https:\/\/home-by-ideesdeco.fr\/wp-content\/uploads\/2024\/06\/8-montage-3-photos-chambres-300x212.jpg 300w, https:\/\/home-by-ideesdeco.fr\/wp-content\/uploads\/2024\/06\/8-montage-3-photos-chambres-768x544.jpg 768w, https:\/\/home-by-ideesdeco.fr\/wp-content\/uploads\/2024\/06\/8-montage-3-photos-chambres.jpg 1093w\" sizes=\"auto, (max-width: 1024px) 100vw, 1024px\" \/><\/figure>\n\n\n\n<figure class=\"wp-block-image size-full\"><img loading=\"lazy\" decoding=\"async\" width=\"1024\" height=\"768\" src=\"https:\/\/home-by-ideesdeco.fr\/wp-content\/uploads\/2024\/06\/9-chambre1.jpg\" alt=\"\" class=\"wp-image-2002\" srcset=\"https:\/\/home-by-ideesdeco.fr\/wp-content\/uploads\/2024\/06\/9-chambre1.jpg 1024w, https:\/\/home-by-ideesdeco.fr\/wp-content\/uploads\/2024\/06\/9-chambre1-300x225.jpg 300w, https:\/\/home-by-ideesdeco.fr\/wp-content\/uploads\/2024\/06\/9-chambre1-768x576.jpg 768w, https:\/\/home-by-ideesdeco.fr\/wp-content\/uploads\/2024\/06\/9-chambre1-400x300.jpg 400w, https:\/\/home-by-ideesdeco.fr\/wp-content\/uploads\/2024\/06\/9-chambre1-800x600.jpg 800w\" sizes=\"auto, (max-width: 1024px) 100vw, 1024px\" \/><\/figure>\n\n\n\n<figure class=\"wp-block-image size-full\"><img loading=\"lazy\" decoding=\"async\" width=\"1024\" height=\"768\" src=\"https:\/\/home-by-ideesdeco.fr\/wp-content\/uploads\/2024\/06\/10-sdb-enfants.jpg\" alt=\"\" class=\"wp-image-2003\" srcset=\"https:\/\/home-by-ideesdeco.fr\/wp-content\/uploads\/2024\/06\/10-sdb-enfants.jpg 1024w, https:\/\/home-by-ideesdeco.fr\/wp-content\/uploads\/2024\/06\/10-sdb-enfants-300x225.jpg 300w, https:\/\/home-by-ideesdeco.fr\/wp-content\/uploads\/2024\/06\/10-sdb-enfants-768x576.jpg 768w, https:\/\/home-by-ideesdeco.fr\/wp-content\/uploads\/2024\/06\/10-sdb-enfants-400x300.jpg 400w, https:\/\/home-by-ideesdeco.fr\/wp-content\/uploads\/2024\/06\/10-sdb-enfants-800x600.jpg 800w\" sizes=\"auto, (max-width: 1024px) 100vw, 1024px\" \/><\/figure>\n\n\n\n<figure class=\"wp-block-image size-large\"><img loading=\"lazy\" decoding=\"async\" width=\"1024\" height=\"725\" src=\"https:\/\/home-by-ideesdeco.fr\/wp-content\/uploads\/2024\/06\/11-montage-3-photos-suite-1024x725.jpg\" alt=\"\" class=\"wp-image-2004\" srcset=\"https:\/\/home-by-ideesdeco.fr\/wp-content\/uploads\/2024\/06\/11-montage-3-photos-suite-1024x725.jpg 1024w, https:\/\/home-by-ideesdeco.fr\/wp-content\/uploads\/2024\/06\/11-montage-3-photos-suite-300x212.jpg 300w, https:\/\/home-by-ideesdeco.fr\/wp-content\/uploads\/2024\/06\/11-montage-3-photos-suite-768x544.jpg 768w, https:\/\/home-by-ideesdeco.fr\/wp-content\/uploads\/2024\/06\/11-montage-3-photos-suite.jpg 1093w\" sizes=\"auto, (max-width: 1024px) 100vw, 1024px\" \/><\/figure>\n\n\n\n<figure class=\"wp-block-image size-full\"><img loading=\"lazy\" decoding=\"async\" width=\"1024\" height=\"768\" src=\"https:\/\/home-by-ideesdeco.fr\/wp-content\/uploads\/2024\/06\/12-suite.jpg\" alt=\"\" class=\"wp-image-2005\" srcset=\"https:\/\/home-by-ideesdeco.fr\/wp-content\/uploads\/2024\/06\/12-suite.jpg 1024w, https:\/\/home-by-ideesdeco.fr\/wp-content\/uploads\/2024\/06\/12-suite-300x225.jpg 300w, https:\/\/home-by-ideesdeco.fr\/wp-content\/uploads\/2024\/06\/12-suite-768x576.jpg 768w, https:\/\/home-by-ideesdeco.fr\/wp-content\/uploads\/2024\/06\/12-suite-400x300.jpg 400w, https:\/\/home-by-ideesdeco.fr\/wp-content\/uploads\/2024\/06\/12-suite-800x600.jpg 800w\" sizes=\"auto, (max-width: 1024px) 100vw, 1024px\" \/><\/figure>\n\n\n\n<figure class=\"wp-block-image size-full\"><img loading=\"lazy\" decoding=\"async\" width=\"1024\" height=\"768\" src=\"https:\/\/home-by-ideesdeco.fr\/wp-content\/uploads\/2024\/06\/13-sdb-suite1.jpg\" alt=\"\" class=\"wp-image-2006\" srcset=\"https:\/\/home-by-ideesdeco.fr\/wp-content\/uploads\/2024\/06\/13-sdb-suite1.jpg 1024w, https:\/\/home-by-ideesdeco.fr\/wp-content\/uploads\/2024\/06\/13-sdb-suite1-300x225.jpg 300w, https:\/\/home-by-ideesdeco.fr\/wp-content\/uploads\/2024\/06\/13-sdb-suite1-768x576.jpg 768w, https:\/\/home-by-ideesdeco.fr\/wp-content\/uploads\/2024\/06\/13-sdb-suite1-400x300.jpg 400w, https:\/\/home-by-ideesdeco.fr\/wp-content\/uploads\/2024\/06\/13-sdb-suite1-800x600.jpg 800w\" sizes=\"auto, (max-width: 1024px) 100vw, 1024px\" \/><\/figure>\n\n\n\n<figure class=\"wp-block-image size-full\"><img loading=\"lazy\" decoding=\"async\" width=\"1024\" height=\"768\" src=\"https:\/\/home-by-ideesdeco.fr\/wp-content\/uploads\/2024\/06\/arriere.jpg\" alt=\"\" class=\"wp-image-2007\" srcset=\"https:\/\/home-by-ideesdeco.fr\/wp-content\/uploads\/2024\/06\/arriere.jpg 1024w, https:\/\/home-by-ideesdeco.fr\/wp-content\/uploads\/2024\/06\/arriere-300x225.jpg 300w, https:\/\/home-by-ideesdeco.fr\/wp-content\/uploads\/2024\/06\/arriere-768x576.jpg 768w, https:\/\/home-by-ideesdeco.fr\/wp-content\/uploads\/2024\/06\/arriere-400x300.jpg 400w, https:\/\/home-by-ideesdeco.fr\/wp-content\/uploads\/2024\/06\/arriere-800x600.jpg 800w\" sizes=\"auto, (max-width: 1024px) 100vw, 1024px\" \/><\/figure>\n\n\n\n<figure class=\"wp-block-image size-full\"><img loading=\"lazy\" decoding=\"async\" width=\"1024\" height=\"768\" src=\"https:\/\/home-by-ideesdeco.fr\/wp-content\/uploads\/2024\/06\/arriere1.jpg\" alt=\"\" class=\"wp-image-2008\" srcset=\"https:\/\/home-by-ideesdeco.fr\/wp-content\/uploads\/2024\/06\/arriere1.jpg 1024w, https:\/\/home-by-ideesdeco.fr\/wp-content\/uploads\/2024\/06\/arriere1-300x225.jpg 300w, https:\/\/home-by-ideesdeco.fr\/wp-content\/uploads\/2024\/06\/arriere1-768x576.jpg 768w, https:\/\/home-by-ideesdeco.fr\/wp-content\/uploads\/2024\/06\/arriere1-400x300.jpg 400w, https:\/\/home-by-ideesdeco.fr\/wp-content\/uploads\/2024\/06\/arriere1-800x600.jpg 800w\" sizes=\"auto, (max-width: 1024px) 100vw, 1024px\" \/><\/figure>\n\n\n\n<figure class=\"wp-block-image size-full\"><img loading=\"lazy\" decoding=\"async\" width=\"1024\" height=\"768\" src=\"https:\/\/home-by-ideesdeco.fr\/wp-content\/uploads\/2024\/06\/facade.jpg\" alt=\"\" class=\"wp-image-2009\" srcset=\"https:\/\/home-by-ideesdeco.fr\/wp-content\/uploads\/2024\/06\/facade.jpg 1024w, https:\/\/home-by-ideesdeco.fr\/wp-content\/uploads\/2024\/06\/facade-300x225.jpg 300w, https:\/\/home-by-ideesdeco.fr\/wp-content\/uploads\/2024\/06\/facade-768x576.jpg 768w, https:\/\/home-by-ideesdeco.fr\/wp-content\/uploads\/2024\/06\/facade-400x300.jpg 400w, https:\/\/home-by-ideesdeco.fr\/wp-content\/uploads\/2024\/06\/facade-800x600.jpg 800w\" sizes=\"auto, (max-width: 1024px) 100vw, 1024px\" \/><\/figure>\n\n\n\n<p>Dans le tr\u00e8s pris\u00e9 domaine de Marsinval \u00e0 Vernouillet, tr\u00e8s belle villa de 194 m2, enti\u00e8rement r\u00e9nov\u00e9e et expos\u00e9e plein sud. Au total 5 chambres dont une au rdc avec sa propre salle d&#8217;eau.<br>Sur une parcelle de 835 m2, au calme dans une impasse, et sur un terrain totalement clos, elle dispose de 7 pi\u00e8ces distribu\u00e9es comme suit :<br>Au RDC, salon &#8211; salle \u00e0 manger de 54m2 avec chemin\u00e9e, donnant sur une cuisine ouverte, une chambre avec salle d&#8217;eau , wc s\u00e9par\u00e9s.<br>Au 1er \u00e9tage, 1 suite parentale de 28m2 avec sa salle de bains et wc, 3 autres chambres, une salle de bain et 1 wc. Combles am\u00e9nageables.<br>Garage de 26 m2 et lingerie accessibles de l&#8217;int\u00e9rieur de la maison.<br>Ecoles maternelle et primaire \u00e0 l&#8217;int\u00e9rieur du domaine. Vous pourrez \u00e9galement profiter de 2 terrains de tennis et d&#8217;une piscine r\u00e9serv\u00e9s aux habitants du domaine.<\/p>\n\n\n\n<p>Le domaine arbor\u00e9 et vallonn\u00e9, est proche des villes de Verneuil, Villennes, Orgeval et de l&#8217;A13\/A14. Les transports en commun desservent la gare de Verneuil\/Vernouillet (25mn de Paris St Lazare) o\u00f9 sera le futur arr\u00eat du RER Eole, ainsi que les \u00e9coles et lyc\u00e9es de Vernouillet, Verneuil, Poissy, Saint Germain en Laye.<\/p>\n\n\n\n<p>Id\u00e9al pour une famille avec enfants qui pourra profiter du bien vivre au sein d&#8217;un environnement tr\u00e8s qualitatif. 759 000 \u20ac<\/p>\n","protected":false},"excerpt":{"rendered":"<p>Dans le tr\u00e8s pris\u00e9 domaine de Marsinval \u00e0 Vernouillet, tr\u00e8s belle villa de 194 m2, enti\u00e8rement r\u00e9nov\u00e9e et expos\u00e9e plein sud. Au total 5 chambres dont une au rdc avec [&hellip;]<\/p>\n","protected":false},"author":1,"featured_media":0,"parent":0,"menu_order":0,"comment_status":"closed","ping_status":"closed","template":"","meta":{"footnotes":""},"class_list":["post-1993","page","type-page","status-publish","hentry"],"_links":{"self":[{"href":"https:\/\/home-by-ideesdeco.fr\/index.php\/wp-json\/wp\/v2\/pages\/1993","targetHints":{"allow":["GET"]}}],"collection":[{"href":"https:\/\/home-by-ideesdeco.fr\/index.php\/wp-json\/wp\/v2\/pages"}],"about":[{"href":"https:\/\/home-by-ideesdeco.fr\/index.php\/wp-json\/wp\/v2\/types\/page"}],"author":[{"embeddable":true,"href":"https:\/\/home-by-ideesdeco.fr\/index.php\/wp-json\/wp\/v2\/users\/1"}],"replies":[{"embeddable":true,"href":"https:\/\/home-by-ideesdeco.fr\/index.php\/wp-json\/wp\/v2\/comments?post=1993"}],"version-history":[{"count":3,"href":"https:\/\/home-by-ideesdeco.fr\/index.php\/wp-json\/wp\/v2\/pages\/1993\/revisions"}],"predecessor-version":[{"id":2353,"href":"https:\/\/home-by-ideesdeco.fr\/index.php\/wp-json\/wp\/v2\/pages\/1993\/revisions\/2353"}],"wp:attachment":[{"href":"https:\/\/home-by-ideesdeco.fr\/index.php\/wp-json\/wp\/v2\/media?parent=1993"}],"curies":[{"name":"wp","href":"https:\/\/api.w.org\/{rel}","templated":true}]}}