{"id":1844,"date":"2024-04-16T13:38:12","date_gmt":"2024-04-16T11:38:12","guid":{"rendered":"https:\/\/home-by-ideesdeco.fr\/?page_id=1844"},"modified":"2026-04-05T19:07:28","modified_gmt":"2026-04-05T17:07:28","slug":"vernouillet-marsinval-143m2-5ch-combles-amenages","status":"publish","type":"page","link":"https:\/\/home-by-ideesdeco.fr\/index.php\/vernouillet-marsinval-143m2-5ch-combles-amenages\/","title":{"rendered":"Vernouillet Marsinval 143 m2 &#8211; 5ch. Combles am\u00e9nag\u00e9s"},"content":{"rendered":"\n<figure class=\"wp-block-image size-full\"><img loading=\"lazy\" decoding=\"async\" width=\"1024\" height=\"768\" src=\"https:\/\/home-by-ideesdeco.fr\/wp-content\/uploads\/2024\/04\/une.jpg\" alt=\"\" class=\"wp-image-1845\" srcset=\"https:\/\/home-by-ideesdeco.fr\/wp-content\/uploads\/2024\/04\/une.jpg 1024w, https:\/\/home-by-ideesdeco.fr\/wp-content\/uploads\/2024\/04\/une-300x225.jpg 300w, https:\/\/home-by-ideesdeco.fr\/wp-content\/uploads\/2024\/04\/une-768x576.jpg 768w, https:\/\/home-by-ideesdeco.fr\/wp-content\/uploads\/2024\/04\/une-400x300.jpg 400w, https:\/\/home-by-ideesdeco.fr\/wp-content\/uploads\/2024\/04\/une-800x600.jpg 800w\" sizes=\"auto, (max-width: 1024px) 100vw, 1024px\" \/><\/figure>\n\n\n\n<figure class=\"wp-block-image size-full\"><img loading=\"lazy\" decoding=\"async\" width=\"1344\" height=\"768\" src=\"https:\/\/home-by-ideesdeco.fr\/wp-content\/uploads\/2026\/02\/salon-1.jpg\" alt=\"\" class=\"wp-image-3380\" srcset=\"https:\/\/home-by-ideesdeco.fr\/wp-content\/uploads\/2026\/02\/salon-1.jpg 1344w, https:\/\/home-by-ideesdeco.fr\/wp-content\/uploads\/2026\/02\/salon-1-300x171.jpg 300w, https:\/\/home-by-ideesdeco.fr\/wp-content\/uploads\/2026\/02\/salon-1-1024x585.jpg 1024w, https:\/\/home-by-ideesdeco.fr\/wp-content\/uploads\/2026\/02\/salon-1-768x439.jpg 768w\" sizes=\"auto, (max-width: 1344px) 100vw, 1344px\" \/><\/figure>\n\n\n\n<figure class=\"wp-block-image size-full\"><img loading=\"lazy\" decoding=\"async\" width=\"1344\" height=\"768\" src=\"https:\/\/home-by-ideesdeco.fr\/wp-content\/uploads\/2026\/02\/salon1-1.jpg\" alt=\"\" class=\"wp-image-3382\" srcset=\"https:\/\/home-by-ideesdeco.fr\/wp-content\/uploads\/2026\/02\/salon1-1.jpg 1344w, https:\/\/home-by-ideesdeco.fr\/wp-content\/uploads\/2026\/02\/salon1-1-300x171.jpg 300w, https:\/\/home-by-ideesdeco.fr\/wp-content\/uploads\/2026\/02\/salon1-1-1024x585.jpg 1024w, https:\/\/home-by-ideesdeco.fr\/wp-content\/uploads\/2026\/02\/salon1-1-768x439.jpg 768w\" sizes=\"auto, (max-width: 1344px) 100vw, 1344px\" \/><\/figure>\n\n\n\n<figure class=\"wp-block-image size-full\"><img loading=\"lazy\" decoding=\"async\" width=\"1344\" height=\"768\" src=\"https:\/\/home-by-ideesdeco.fr\/wp-content\/uploads\/2026\/02\/salon2-1.jpg\" alt=\"\" class=\"wp-image-3383\" srcset=\"https:\/\/home-by-ideesdeco.fr\/wp-content\/uploads\/2026\/02\/salon2-1.jpg 1344w, https:\/\/home-by-ideesdeco.fr\/wp-content\/uploads\/2026\/02\/salon2-1-300x171.jpg 300w, https:\/\/home-by-ideesdeco.fr\/wp-content\/uploads\/2026\/02\/salon2-1-1024x585.jpg 1024w, https:\/\/home-by-ideesdeco.fr\/wp-content\/uploads\/2026\/02\/salon2-1-768x439.jpg 768w\" sizes=\"auto, (max-width: 1344px) 100vw, 1344px\" \/><\/figure>\n\n\n\n<figure class=\"wp-block-image size-full\"><img loading=\"lazy\" decoding=\"async\" width=\"1024\" height=\"576\" src=\"https:\/\/home-by-ideesdeco.fr\/wp-content\/uploads\/2026\/02\/cuisine-1.jpg\" alt=\"\" class=\"wp-image-3384\" srcset=\"https:\/\/home-by-ideesdeco.fr\/wp-content\/uploads\/2026\/02\/cuisine-1.jpg 1024w, https:\/\/home-by-ideesdeco.fr\/wp-content\/uploads\/2026\/02\/cuisine-1-300x169.jpg 300w, https:\/\/home-by-ideesdeco.fr\/wp-content\/uploads\/2026\/02\/cuisine-1-768x432.jpg 768w\" sizes=\"auto, (max-width: 1024px) 100vw, 1024px\" \/><\/figure>\n\n\n\n<figure class=\"wp-block-image size-full\"><img loading=\"lazy\" decoding=\"async\" width=\"1024\" height=\"576\" src=\"https:\/\/home-by-ideesdeco.fr\/wp-content\/uploads\/2026\/02\/cuisine1.jpg\" alt=\"\" class=\"wp-image-3385\" srcset=\"https:\/\/home-by-ideesdeco.fr\/wp-content\/uploads\/2026\/02\/cuisine1.jpg 1024w, https:\/\/home-by-ideesdeco.fr\/wp-content\/uploads\/2026\/02\/cuisine1-300x169.jpg 300w, https:\/\/home-by-ideesdeco.fr\/wp-content\/uploads\/2026\/02\/cuisine1-768x432.jpg 768w\" sizes=\"auto, (max-width: 1024px) 100vw, 1024px\" \/><\/figure>\n\n\n\n<figure class=\"wp-block-image size-full\"><img loading=\"lazy\" decoding=\"async\" width=\"1344\" height=\"768\" src=\"https:\/\/home-by-ideesdeco.fr\/wp-content\/uploads\/2026\/02\/chambre-d.jpg\" alt=\"\" class=\"wp-image-3386\" srcset=\"https:\/\/home-by-ideesdeco.fr\/wp-content\/uploads\/2026\/02\/chambre-d.jpg 1344w, https:\/\/home-by-ideesdeco.fr\/wp-content\/uploads\/2026\/02\/chambre-d-300x171.jpg 300w, https:\/\/home-by-ideesdeco.fr\/wp-content\/uploads\/2026\/02\/chambre-d-1024x585.jpg 1024w, https:\/\/home-by-ideesdeco.fr\/wp-content\/uploads\/2026\/02\/chambre-d-768x439.jpg 768w\" sizes=\"auto, (max-width: 1344px) 100vw, 1344px\" \/><\/figure>\n\n\n\n<figure class=\"wp-block-image size-full\"><img loading=\"lazy\" decoding=\"async\" width=\"1344\" height=\"768\" src=\"https:\/\/home-by-ideesdeco.fr\/wp-content\/uploads\/2026\/02\/chambre-d1.jpg\" alt=\"\" class=\"wp-image-3387\" srcset=\"https:\/\/home-by-ideesdeco.fr\/wp-content\/uploads\/2026\/02\/chambre-d1.jpg 1344w, https:\/\/home-by-ideesdeco.fr\/wp-content\/uploads\/2026\/02\/chambre-d1-300x171.jpg 300w, https:\/\/home-by-ideesdeco.fr\/wp-content\/uploads\/2026\/02\/chambre-d1-1024x585.jpg 1024w, https:\/\/home-by-ideesdeco.fr\/wp-content\/uploads\/2026\/02\/chambre-d1-768x439.jpg 768w\" sizes=\"auto, (max-width: 1344px) 100vw, 1344px\" \/><\/figure>\n\n\n\n<figure class=\"wp-block-image size-large\"><img loading=\"lazy\" decoding=\"async\" width=\"1024\" height=\"585\" src=\"https:\/\/home-by-ideesdeco.fr\/wp-content\/uploads\/2026\/02\/chambre-g-1024x585.jpg\" alt=\"\" class=\"wp-image-3388\" srcset=\"https:\/\/home-by-ideesdeco.fr\/wp-content\/uploads\/2026\/02\/chambre-g-1024x585.jpg 1024w, https:\/\/home-by-ideesdeco.fr\/wp-content\/uploads\/2026\/02\/chambre-g-300x171.jpg 300w, https:\/\/home-by-ideesdeco.fr\/wp-content\/uploads\/2026\/02\/chambre-g-768x439.jpg 768w, https:\/\/home-by-ideesdeco.fr\/wp-content\/uploads\/2026\/02\/chambre-g.jpg 1344w\" sizes=\"auto, (max-width: 1024px) 100vw, 1024px\" \/><\/figure>\n\n\n\n<figure class=\"wp-block-image size-large\"><img loading=\"lazy\" decoding=\"async\" width=\"1024\" height=\"585\" src=\"https:\/\/home-by-ideesdeco.fr\/wp-content\/uploads\/2026\/02\/chambre-g1-1024x585.jpg\" alt=\"\" class=\"wp-image-3389\" srcset=\"https:\/\/home-by-ideesdeco.fr\/wp-content\/uploads\/2026\/02\/chambre-g1-1024x585.jpg 1024w, https:\/\/home-by-ideesdeco.fr\/wp-content\/uploads\/2026\/02\/chambre-g1-300x171.jpg 300w, https:\/\/home-by-ideesdeco.fr\/wp-content\/uploads\/2026\/02\/chambre-g1-768x439.jpg 768w, https:\/\/home-by-ideesdeco.fr\/wp-content\/uploads\/2026\/02\/chambre-g1.jpg 1344w\" sizes=\"auto, (max-width: 1024px) 100vw, 1024px\" \/><\/figure>\n\n\n\n<figure class=\"wp-block-image size-large\"><img loading=\"lazy\" decoding=\"async\" width=\"1024\" height=\"585\" src=\"https:\/\/home-by-ideesdeco.fr\/wp-content\/uploads\/2026\/02\/chambre-m-1024x585.jpg\" alt=\"\" class=\"wp-image-3390\" srcset=\"https:\/\/home-by-ideesdeco.fr\/wp-content\/uploads\/2026\/02\/chambre-m-1024x585.jpg 1024w, https:\/\/home-by-ideesdeco.fr\/wp-content\/uploads\/2026\/02\/chambre-m-300x171.jpg 300w, https:\/\/home-by-ideesdeco.fr\/wp-content\/uploads\/2026\/02\/chambre-m-768x439.jpg 768w, https:\/\/home-by-ideesdeco.fr\/wp-content\/uploads\/2026\/02\/chambre-m.jpg 1344w\" sizes=\"auto, (max-width: 1024px) 100vw, 1024px\" \/><\/figure>\n\n\n\n<figure class=\"wp-block-image size-large\"><img loading=\"lazy\" decoding=\"async\" width=\"1024\" height=\"585\" src=\"https:\/\/home-by-ideesdeco.fr\/wp-content\/uploads\/2026\/02\/chambre-m1-1024x585.jpg\" alt=\"\" class=\"wp-image-3391\" srcset=\"https:\/\/home-by-ideesdeco.fr\/wp-content\/uploads\/2026\/02\/chambre-m1-1024x585.jpg 1024w, https:\/\/home-by-ideesdeco.fr\/wp-content\/uploads\/2026\/02\/chambre-m1-300x171.jpg 300w, https:\/\/home-by-ideesdeco.fr\/wp-content\/uploads\/2026\/02\/chambre-m1-768x439.jpg 768w, https:\/\/home-by-ideesdeco.fr\/wp-content\/uploads\/2026\/02\/chambre-m1.jpg 1344w\" sizes=\"auto, (max-width: 1024px) 100vw, 1024px\" \/><\/figure>\n\n\n\n<figure class=\"wp-block-image size-large\"><img loading=\"lazy\" decoding=\"async\" width=\"1024\" height=\"585\" src=\"https:\/\/home-by-ideesdeco.fr\/wp-content\/uploads\/2026\/02\/combles-g-1024x585.jpg\" alt=\"\" class=\"wp-image-3392\" srcset=\"https:\/\/home-by-ideesdeco.fr\/wp-content\/uploads\/2026\/02\/combles-g-1024x585.jpg 1024w, https:\/\/home-by-ideesdeco.fr\/wp-content\/uploads\/2026\/02\/combles-g-300x171.jpg 300w, https:\/\/home-by-ideesdeco.fr\/wp-content\/uploads\/2026\/02\/combles-g-768x439.jpg 768w, https:\/\/home-by-ideesdeco.fr\/wp-content\/uploads\/2026\/02\/combles-g.jpg 1344w\" sizes=\"auto, (max-width: 1024px) 100vw, 1024px\" \/><\/figure>\n\n\n\n<figure class=\"wp-block-image size-large\"><img loading=\"lazy\" decoding=\"async\" width=\"1024\" height=\"585\" src=\"https:\/\/home-by-ideesdeco.fr\/wp-content\/uploads\/2026\/02\/combles-g1-1024x585.jpg\" alt=\"\" class=\"wp-image-3393\" srcset=\"https:\/\/home-by-ideesdeco.fr\/wp-content\/uploads\/2026\/02\/combles-g1-1024x585.jpg 1024w, https:\/\/home-by-ideesdeco.fr\/wp-content\/uploads\/2026\/02\/combles-g1-300x171.jpg 300w, https:\/\/home-by-ideesdeco.fr\/wp-content\/uploads\/2026\/02\/combles-g1-768x439.jpg 768w, https:\/\/home-by-ideesdeco.fr\/wp-content\/uploads\/2026\/02\/combles-g1.jpg 1344w\" sizes=\"auto, (max-width: 1024px) 100vw, 1024px\" \/><\/figure>\n\n\n\n<figure class=\"wp-block-image size-large\"><img loading=\"lazy\" decoding=\"async\" width=\"1024\" height=\"585\" src=\"https:\/\/home-by-ideesdeco.fr\/wp-content\/uploads\/2026\/02\/combles-d-1024x585.jpg\" alt=\"\" class=\"wp-image-3394\" srcset=\"https:\/\/home-by-ideesdeco.fr\/wp-content\/uploads\/2026\/02\/combles-d-1024x585.jpg 1024w, https:\/\/home-by-ideesdeco.fr\/wp-content\/uploads\/2026\/02\/combles-d-300x171.jpg 300w, https:\/\/home-by-ideesdeco.fr\/wp-content\/uploads\/2026\/02\/combles-d-768x439.jpg 768w, https:\/\/home-by-ideesdeco.fr\/wp-content\/uploads\/2026\/02\/combles-d.jpg 1344w\" sizes=\"auto, (max-width: 1024px) 100vw, 1024px\" \/><\/figure>\n\n\n\n<figure class=\"wp-block-image size-large\"><img loading=\"lazy\" decoding=\"async\" width=\"1024\" height=\"585\" src=\"https:\/\/home-by-ideesdeco.fr\/wp-content\/uploads\/2026\/02\/combles-d1-1024x585.jpg\" alt=\"\" class=\"wp-image-3395\" srcset=\"https:\/\/home-by-ideesdeco.fr\/wp-content\/uploads\/2026\/02\/combles-d1-1024x585.jpg 1024w, https:\/\/home-by-ideesdeco.fr\/wp-content\/uploads\/2026\/02\/combles-d1-300x171.jpg 300w, https:\/\/home-by-ideesdeco.fr\/wp-content\/uploads\/2026\/02\/combles-d1-768x439.jpg 768w, https:\/\/home-by-ideesdeco.fr\/wp-content\/uploads\/2026\/02\/combles-d1.jpg 1344w\" sizes=\"auto, (max-width: 1024px) 100vw, 1024px\" \/><\/figure>\n\n\n\n<figure class=\"wp-block-image size-large\"><img loading=\"lazy\" decoding=\"async\" width=\"1024\" height=\"585\" src=\"https:\/\/home-by-ideesdeco.fr\/wp-content\/uploads\/2026\/02\/sdb-s-1024x585.jpg\" alt=\"\" class=\"wp-image-3396\" srcset=\"https:\/\/home-by-ideesdeco.fr\/wp-content\/uploads\/2026\/02\/sdb-s-1024x585.jpg 1024w, https:\/\/home-by-ideesdeco.fr\/wp-content\/uploads\/2026\/02\/sdb-s-300x171.jpg 300w, https:\/\/home-by-ideesdeco.fr\/wp-content\/uploads\/2026\/02\/sdb-s-768x439.jpg 768w, https:\/\/home-by-ideesdeco.fr\/wp-content\/uploads\/2026\/02\/sdb-s.jpg 1344w\" sizes=\"auto, (max-width: 1024px) 100vw, 1024px\" \/><\/figure>\n\n\n\n<figure class=\"wp-block-image size-large\"><img loading=\"lazy\" decoding=\"async\" width=\"1024\" height=\"585\" src=\"https:\/\/home-by-ideesdeco.fr\/wp-content\/uploads\/2026\/02\/suite-t-1024x585.jpg\" alt=\"\" class=\"wp-image-3397\" srcset=\"https:\/\/home-by-ideesdeco.fr\/wp-content\/uploads\/2026\/02\/suite-t-1024x585.jpg 1024w, https:\/\/home-by-ideesdeco.fr\/wp-content\/uploads\/2026\/02\/suite-t-300x171.jpg 300w, https:\/\/home-by-ideesdeco.fr\/wp-content\/uploads\/2026\/02\/suite-t-768x439.jpg 768w, https:\/\/home-by-ideesdeco.fr\/wp-content\/uploads\/2026\/02\/suite-t.jpg 1344w\" sizes=\"auto, (max-width: 1024px) 100vw, 1024px\" \/><\/figure>\n\n\n\n<figure class=\"wp-block-image size-full\"><img loading=\"lazy\" decoding=\"async\" width=\"1024\" height=\"576\" src=\"https:\/\/home-by-ideesdeco.fr\/wp-content\/uploads\/2026\/02\/jardin-1.jpg\" alt=\"\" class=\"wp-image-3398\" srcset=\"https:\/\/home-by-ideesdeco.fr\/wp-content\/uploads\/2026\/02\/jardin-1.jpg 1024w, https:\/\/home-by-ideesdeco.fr\/wp-content\/uploads\/2026\/02\/jardin-1-300x169.jpg 300w, https:\/\/home-by-ideesdeco.fr\/wp-content\/uploads\/2026\/02\/jardin-1-768x432.jpg 768w\" sizes=\"auto, (max-width: 1024px) 100vw, 1024px\" \/><\/figure>\n\n\n\n<p>Situ\u00e9e dans le tr\u00e8s recherch\u00e9 Domaine de Marsinval, cette maison familiale de 7 pi\u00e8ces d\u2019environ 140 m\u00b2 avec combles enti\u00e8rement am\u00e9nag\u00e9s vous s\u00e9duira par son environnement privil\u00e9gi\u00e9, verdoyant et s\u00e9curis\u00e9.<\/p>\n\n\n\n<p>Implant\u00e9e au calme, dans une impasse, sur un terrain de 760 m\u00b2, elle offre de beaux volumes et une configuration id\u00e9ale pour une vie de famille. Les combles ont \u00e9t\u00e9 am\u00e9nag\u00e9s, permettant de profiter pleinement de l\u2019espace. Travaux de r\u00e9novation \u00e0 pr\u00e9voir.<\/p>\n\n\n\n<p>La maison se compose de :<br>Une pi\u00e8ce de vie lumineuse<br>5 chambres, dont une suite parentale<br>De beaux espaces fonctionnels et \u00e9volutifs<\/p>\n\n\n\n<p>Le Domaine de Marsinval propose un cadre de vie exceptionnel avec :<br>Piscine<br>2 terrains de tennis<br>Club house<br>\u00c9coles maternelle et primaire<br>Aire de jeux<\/p>\n\n\n\n<p>Environnement arbor\u00e9 et vallonn\u00e9<\/p>\n\n\n\n<p>\u00c0 proximit\u00e9 imm\u00e9diate des villes de Verneuil-sur-Seine, Villennes-sur-Seine et Orgeval, et avec un acc\u00e8s rapide aux autoroutes A13 et A14, la localisation est id\u00e9ale.<\/p>\n\n\n\n<p>Les transports en commun desservent la gare de Verneuil\/Vernouillet (Paris Saint-Lazare en 25 minutes), future station du RER Eole pr\u00e9vue en 2027, ainsi que les \u00e9tablissements scolaires de Verneuil, Poissy et Saint-Germain-en-Laye.<\/p>\n\n\n\n<p>Charges annuelles du domaine : 640 \u20ac.<\/p>\n\n\n\n<p>Prix : 455 000 \u20ac.<\/p>\n\n\n\n<p>Un bien rare dans un environnement privil\u00e9gi\u00e9, id\u00e9al pour une famille en qu\u00eate de calme, de verdure et de qualit\u00e9 de vie aux portes de Paris.<\/p>\n\n\n\n<p>Certaines photos pr\u00e9sent\u00e9es proposent un am\u00e9nagement meubl\u00e9 par intelligence artificielle, afin de vous aider \u00e0 vous projeter.<\/p>\n","protected":false},"excerpt":{"rendered":"<p>Situ\u00e9e dans le tr\u00e8s recherch\u00e9 Domaine de Marsinval, cette maison familiale de 7 pi\u00e8ces d\u2019environ 140 m\u00b2 avec combles enti\u00e8rement am\u00e9nag\u00e9s vous s\u00e9duira par son environnement privil\u00e9gi\u00e9, verdoyant et s\u00e9curis\u00e9. [&hellip;]<\/p>\n","protected":false},"author":1,"featured_media":0,"parent":0,"menu_order":0,"comment_status":"closed","ping_status":"closed","template":"","meta":{"footnotes":""},"class_list":["post-1844","page","type-page","status-publish","hentry"],"_links":{"self":[{"href":"https:\/\/home-by-ideesdeco.fr\/index.php\/wp-json\/wp\/v2\/pages\/1844","targetHints":{"allow":["GET"]}}],"collection":[{"href":"https:\/\/home-by-ideesdeco.fr\/index.php\/wp-json\/wp\/v2\/pages"}],"about":[{"href":"https:\/\/home-by-ideesdeco.fr\/index.php\/wp-json\/wp\/v2\/types\/page"}],"author":[{"embeddable":true,"href":"https:\/\/home-by-ideesdeco.fr\/index.php\/wp-json\/wp\/v2\/users\/1"}],"replies":[{"embeddable":true,"href":"https:\/\/home-by-ideesdeco.fr\/index.php\/wp-json\/wp\/v2\/comments?post=1844"}],"version-history":[{"count":6,"href":"https:\/\/home-by-ideesdeco.fr\/index.php\/wp-json\/wp\/v2\/pages\/1844\/revisions"}],"predecessor-version":[{"id":3529,"href":"https:\/\/home-by-ideesdeco.fr\/index.php\/wp-json\/wp\/v2\/pages\/1844\/revisions\/3529"}],"wp:attachment":[{"href":"https:\/\/home-by-ideesdeco.fr\/index.php\/wp-json\/wp\/v2\/media?parent=1844"}],"curies":[{"name":"wp","href":"https:\/\/api.w.org\/{rel}","templated":true}]}}