{"id":1468,"date":"2023-09-21T15:42:00","date_gmt":"2023-09-21T13:42:00","guid":{"rendered":"https:\/\/home-by-ideesdeco.fr\/?page_id=1468"},"modified":"2023-09-21T15:42:00","modified_gmt":"2023-09-21T13:42:00","slug":"appartement-en-bords-de-seine-97-m2-640-ke","status":"publish","type":"page","link":"https:\/\/home-by-ideesdeco.fr\/index.php\/appartement-en-bords-de-seine-97-m2-640-ke\/","title":{"rendered":"Appartement en bords de Seine 97 m2 &#8211; 640 k\u20ac"},"content":{"rendered":"\n<figure class=\"wp-block-image size-full\"><img loading=\"lazy\" decoding=\"async\" width=\"988\" height=\"660\" src=\"https:\/\/home-by-ideesdeco.fr\/wp-content\/uploads\/2023\/09\/publication.png\" alt=\"\" class=\"wp-image-1469\" srcset=\"https:\/\/home-by-ideesdeco.fr\/wp-content\/uploads\/2023\/09\/publication.png 988w, https:\/\/home-by-ideesdeco.fr\/wp-content\/uploads\/2023\/09\/publication-300x200.png 300w, https:\/\/home-by-ideesdeco.fr\/wp-content\/uploads\/2023\/09\/publication-768x513.png 768w\" sizes=\"auto, (max-width: 988px) 100vw, 988px\" \/><\/figure>\n\n\n\n<figure class=\"wp-block-image size-full\"><img loading=\"lazy\" decoding=\"async\" width=\"988\" height=\"656\" src=\"https:\/\/home-by-ideesdeco.fr\/wp-content\/uploads\/2023\/09\/facade2.png\" alt=\"\" class=\"wp-image-1470\" srcset=\"https:\/\/home-by-ideesdeco.fr\/wp-content\/uploads\/2023\/09\/facade2.png 988w, https:\/\/home-by-ideesdeco.fr\/wp-content\/uploads\/2023\/09\/facade2-300x199.png 300w, https:\/\/home-by-ideesdeco.fr\/wp-content\/uploads\/2023\/09\/facade2-768x510.png 768w\" sizes=\"auto, (max-width: 988px) 100vw, 988px\" \/><\/figure>\n\n\n\n<figure class=\"wp-block-image size-full\"><img loading=\"lazy\" decoding=\"async\" width=\"990\" height=\"658\" src=\"https:\/\/home-by-ideesdeco.fr\/wp-content\/uploads\/2023\/09\/facade1.png\" alt=\"\" class=\"wp-image-1471\" srcset=\"https:\/\/home-by-ideesdeco.fr\/wp-content\/uploads\/2023\/09\/facade1.png 990w, https:\/\/home-by-ideesdeco.fr\/wp-content\/uploads\/2023\/09\/facade1-300x199.png 300w, https:\/\/home-by-ideesdeco.fr\/wp-content\/uploads\/2023\/09\/facade1-768x510.png 768w\" sizes=\"auto, (max-width: 990px) 100vw, 990px\" \/><\/figure>\n\n\n\n<figure class=\"wp-block-image size-full\"><img loading=\"lazy\" decoding=\"async\" width=\"987\" height=\"653\" src=\"https:\/\/home-by-ideesdeco.fr\/wp-content\/uploads\/2023\/09\/salon-1.png\" alt=\"\" class=\"wp-image-1472\" srcset=\"https:\/\/home-by-ideesdeco.fr\/wp-content\/uploads\/2023\/09\/salon-1.png 987w, https:\/\/home-by-ideesdeco.fr\/wp-content\/uploads\/2023\/09\/salon-1-300x198.png 300w, https:\/\/home-by-ideesdeco.fr\/wp-content\/uploads\/2023\/09\/salon-1-768x508.png 768w\" sizes=\"auto, (max-width: 987px) 100vw, 987px\" \/><\/figure>\n\n\n\n<figure class=\"wp-block-image size-full\"><img loading=\"lazy\" decoding=\"async\" width=\"986\" height=\"658\" src=\"https:\/\/home-by-ideesdeco.fr\/wp-content\/uploads\/2023\/09\/salon1-1.png\" alt=\"\" class=\"wp-image-1473\" srcset=\"https:\/\/home-by-ideesdeco.fr\/wp-content\/uploads\/2023\/09\/salon1-1.png 986w, https:\/\/home-by-ideesdeco.fr\/wp-content\/uploads\/2023\/09\/salon1-1-300x200.png 300w, https:\/\/home-by-ideesdeco.fr\/wp-content\/uploads\/2023\/09\/salon1-1-768x513.png 768w\" sizes=\"auto, (max-width: 986px) 100vw, 986px\" \/><\/figure>\n\n\n\n<figure class=\"wp-block-image size-full\"><img loading=\"lazy\" decoding=\"async\" width=\"988\" height=\"658\" src=\"https:\/\/home-by-ideesdeco.fr\/wp-content\/uploads\/2023\/09\/exterieur.png\" alt=\"\" class=\"wp-image-1474\" srcset=\"https:\/\/home-by-ideesdeco.fr\/wp-content\/uploads\/2023\/09\/exterieur.png 988w, https:\/\/home-by-ideesdeco.fr\/wp-content\/uploads\/2023\/09\/exterieur-300x200.png 300w, https:\/\/home-by-ideesdeco.fr\/wp-content\/uploads\/2023\/09\/exterieur-768x511.png 768w\" sizes=\"auto, (max-width: 988px) 100vw, 988px\" \/><\/figure>\n\n\n\n<figure class=\"wp-block-image size-full\"><img loading=\"lazy\" decoding=\"async\" width=\"991\" height=\"656\" src=\"https:\/\/home-by-ideesdeco.fr\/wp-content\/uploads\/2023\/09\/facade-1.png\" alt=\"\" class=\"wp-image-1475\" srcset=\"https:\/\/home-by-ideesdeco.fr\/wp-content\/uploads\/2023\/09\/facade-1.png 991w, https:\/\/home-by-ideesdeco.fr\/wp-content\/uploads\/2023\/09\/facade-1-300x199.png 300w, https:\/\/home-by-ideesdeco.fr\/wp-content\/uploads\/2023\/09\/facade-1-768x508.png 768w\" sizes=\"auto, (max-width: 991px) 100vw, 991px\" \/><\/figure>\n\n\n\n<p>Dans un immeuble de 1850, totalement raval\u00e9 et r\u00e9nov\u00e9, appartement de deux pi\u00e8ces de 90 m2 environ en rez de jardin avec un terrain de 270 m2 privatif. Vue sur la seine derri\u00e8re de grandes fen\u00eatres, il ext expos\u00e9 plein sud.<br>Chauffage au sol, une entr\u00e9e distribue une cuisine ouverte sur un salon, salle \u00e0 manger le tout de 44m2. Une chambre de 13m2, une salle de bains et une salle d&#8217;eau compl\u00e8tent se descriptif. Atypique, original, \u00e9tonnant de part sa situation sa vue, vous beneficiez \u00e9galement d&#8217;une cave et de deux parkings ferm\u00e9s.<\/p>\n\n\n\n<p>640 k\u20ac<\/p>\n","protected":false},"excerpt":{"rendered":"<p>Dans un immeuble de 1850, totalement raval\u00e9 et r\u00e9nov\u00e9, appartement de deux pi\u00e8ces de 90 m2 environ en rez de jardin avec un terrain de 270 m2 privatif. Vue sur [&hellip;]<\/p>\n","protected":false},"author":1,"featured_media":0,"parent":0,"menu_order":0,"comment_status":"closed","ping_status":"closed","template":"","meta":{"footnotes":""},"class_list":["post-1468","page","type-page","status-publish","hentry"],"_links":{"self":[{"href":"https:\/\/home-by-ideesdeco.fr\/index.php\/wp-json\/wp\/v2\/pages\/1468","targetHints":{"allow":["GET"]}}],"collection":[{"href":"https:\/\/home-by-ideesdeco.fr\/index.php\/wp-json\/wp\/v2\/pages"}],"about":[{"href":"https:\/\/home-by-ideesdeco.fr\/index.php\/wp-json\/wp\/v2\/types\/page"}],"author":[{"embeddable":true,"href":"https:\/\/home-by-ideesdeco.fr\/index.php\/wp-json\/wp\/v2\/users\/1"}],"replies":[{"embeddable":true,"href":"https:\/\/home-by-ideesdeco.fr\/index.php\/wp-json\/wp\/v2\/comments?post=1468"}],"version-history":[{"count":1,"href":"https:\/\/home-by-ideesdeco.fr\/index.php\/wp-json\/wp\/v2\/pages\/1468\/revisions"}],"predecessor-version":[{"id":1477,"href":"https:\/\/home-by-ideesdeco.fr\/index.php\/wp-json\/wp\/v2\/pages\/1468\/revisions\/1477"}],"wp:attachment":[{"href":"https:\/\/home-by-ideesdeco.fr\/index.php\/wp-json\/wp\/v2\/media?parent=1468"}],"curies":[{"name":"wp","href":"https:\/\/api.w.org\/{rel}","templated":true}]}}